se 8?
0
What is -123 (base 5) in base 3?
-1102
-4b (base 14) to base 2
-1000011
What is -3 (base 9) in base 4?
-3
Convert 3 (base 14) to base 16.
3
Convert 4 (base 8) to base 7.
4
What is 70 (base 8) in base 10?
56
Convert 12 (base 11) to base 5.
23
What is 31 (base 4) in base 11?
12
What is 21 (base 4) in base 6?
13
Convert 6 (base 13) to base 10.
6
Convert 140 (base 10) to base 6.
352
1 (base 13) to base 5
1
What is -5 (base 10) in base 15?
-5
What is 1a (base 13) in base 2?
10111
-1 (base 11) to base 13
-1
What is -12 (base 5) in base 7?
-10
Convert 1 (base 10) to base 13.
1
What is 27 (base 12) in base 16?
1f
-34 (base 7) to base 16
-19
Convert 14 (base 12) to base 6.
24
10 (base 13) to base 7
16
What is -7 (base 10) in base 12?
-7
Convert 310 (base 6) to base 8.
162
23 (base 4) to base 14
b
1 (base 3) to base 16
1
2a (base 12) to base 4
202
-8 (base 13) to base 9
-8
What is 20 (base 3) in base 5?
11
2 (base 5) to base 13
2
Convert 1a (base 11) to base 10.
21
11010 (base 2) to base 14
1c
Convert -2 (base 10) to base 4.
-2
What is -59 (base 10) in base 16?
-3b
Convert -106 (base 10) to base 8.
-152
-222 (base 5) to base 4
-332
-136 (base 8) to base 15
-64
-37 (base 12) to base 8
-53
What is 0 (base 15) in base 5?
0
17 (base 10) to base 5
32
-3 (base 14) to base 15
-3
Convert 26 (base 10) to base 2.
11010
Convert 13 (base 11) to base 10.
14
13 (base 4) to base 11
7
What is 1 (base 6) in base 15?
1
What is 1 (base 8) in base 5?
1
Convert 70 (base 8) to base 7.
110
-b (base 13) to base 5
-21
What is -9 (base 16) in base 3?
-100
134 (base 16) to base 14
180
What is -1 (base 10) in base 9?
-1
Convert -2 (base 14) to base 5.
-2
Convert 111 (base 2) to base 5.
12
Convert 44 (base 5) to base 15.
19
Convert -e (base 15) to base 3.
-112
0 (base 2) to base 16
0
Convert -5 (base 6) to base 12.
-5
-1 (base 15) to base 7
-1
Convert -118 (base 9) to base 7.
-200
5 (base 14) to base 6
5
Convert -4 (base 12) to base 9.
-4
Convert 1101 (base 2) to base 4.
31
Convert -60 (base 10) to base 16.
-3c
What is -82 (base 10) in base 7?
-145
-1 (base 15) to base 8
-1
Convert -3 (base 7) to base 5.
-3
Convert 30 (base 4) to base 6.
20
Convert 13 (base 5) to base 4.
20
12 (base 4) to base 3
20
2 (base 6) to base 5
2
What is -15 (base 9) in base 11?
-13
Convert a (base 16) to base 10.
10
Convert -10 (base 3) to base 13.
-3
What is 211 (base 11) in base 2?
11111110
Convert -1 (base 5) to base 2.
-1
What is -14 (base 8) in base 5?
-22
100 (base 3) to base 7
12
29 (base 16) to base 12
35
What is -2 (base 16) in base 4?
-2
Convert -121 (base 4) to base 12.
-21
Convert 1 (base 8) to base 5.
1
What is -31 (base 6) in base 8?
-23
17 (base 8) to base 4
33
What is -1 (base 7) in base 4?
-1
14a (base 13) to base 5
1411
What is a (base 15) in base 6?
14
Convert 0 (base 11) to base 16.
0
Convert -5 (base 10) to base 6.
-5
9 (base 11) to base 12
9
103 (base 7) to base 16
34
What is 2 (base 15) in base 9?
2
-10d (base 16) to base 6
-1125
What is -1 (base 5) in base 11?
-1
What is 3 (base 6) in base 8?
3
2 (base 8) to base 13
2
Convert 1 (base 10) to base 5.
1
What is -2 (base 6) in base 2?
-10
What is -402 (base 7) in base 16?
-c6
What is -a2 (base 11) in base 2?
-1110000
Convert -8 (base 9) to base 11.
-8
Convert 44 (base 9) to base 3.
1111
Convert -101 (base 3) to base 7.
-13
What is -3 (base 10) in base 8?
-3
Convert 40 (base 5) to base 7.
26
What is -96 (base 13) in base 3?
-11120
21 (base 4) to base 8
11
What is -6 (base 7) in base 6?
-10
Convert 12 (base 6) to base 9.
8
Convert 3 (base 6) to base 7.
3
331 (base 9) to base 2
100001111
What is 20 (base 12) in base 7?
33
43 (base 12) to base 7
102
What is -4 (base 9) in base 7?
-4
What is -3a (base 12) in base 11?
-42
Convert -2 (base 16) to base 10.
-2
1a (base 15) to base 9
27
Convert -102 (base 10) to base 3.
-10210
113 (base 8) to base 11
69
What is -24 (base 6) in base 7?
-22
What is 440 (base 5) in base 7?
231
8 (base 15) to base 8
10
20 (base 3) to base 16
6
Convert 14 (base 14) to base 3.
200
What is -86 (base 13) in base 12?
-92
What is 21 (base 8) in base 4?
101
-1011 (base 2) to base 11
-10
What is -6 (base 8) in base 9?
-6
What is 5 (base 16) in base 15?
5
0 (base 16) to base 12
0
What is 54 (base 6) in base 8?
42
-3 (base 10) to base 16
-3
-2 (base 3) to base 9
-2
What is -13 (base 15) in base 7?
-24
Convert -246 (base 11) to base 9.
-354
Convert 11111110 (base 2) to base 8.
376
Convert -32 (base 9) to base 16.
-1d
What is -16 (base 8) in base 4?
-32
-101 (base 2) to base 16
-5
What is 40 (base 6) in base 14?
1a
Convert -3 (base 8) to base 9.
-3
What is -15 (base 15) in base 13?
-17
2 (base 4) to base 16
2
Convert 3 (base 8) to base 9.
3
14 (base 5) to base 7
12
Convert 3 (base 16) to base 8.
3
-13 (base 16) to base 3
-201
What is -352 (base 8) in base 4?
-3222
132 (base 11) to base 16
9c
What is 300 (base 4) in base 7?
66
Convert 251 (base 7) to base 2.
10000110
What is -12 (base 4) in base 6?
-10
Convert -3 (base 7) to base 4.
-3
Convert -8 (base 10) to base 13.
-8
Convert 4 (base 10) to base 9.
4
2121 (base 3) to base 15
4a
Convert 0 (base 4) to base 5.
0
Convert -1a5 (base 13) to base 8.
-460
Convert -1 (base 7) to base 9.
-1
Convert -1 (base 6) to base 7.
-1
3 (base 5) to base 3
10
-5 (base 10) to base 16
-5
What is 42 (base 15) in base 5?
222
What is 0 (base 2) in base 8?
0
Convert 15 (base 14) to base 10.
19
0 (base 7) to base 4
0
-3 (base 14) to base 12
-3
d (base 15) to base 16
d
Convert -106 (base 8) to base 3.
-2121
Convert 200 (base 5) to base 8.
62
Convert 2d (base 15) to base 2.
101011
3 (base 13) to base 10
3
What is 2 (base 5) in base 10?
2
What is -9 (base 13) in base 4?
-21
What is 545 (base 7) in base 16?
116
Convert -10100 (base 3) to base 9.
-110
What is -102 (base 4) in base 9?
-20
12 (base 12) to base 10
14
Convert 10 (base 6) to base 3.
20
Convert -1 (base 16) to base 3.
-1
4 (base 5) to base 12
4
2 (base 13) to base 11
2
123 (base 6) to base 8
63
Convert -10 (base 4) to base 14.
-4
344 (base 11) to base 8
633
10222 (base 3) to base 10
107
Convert 18 (base 11) to base 2.
10011
What is 2 (base 5) in base 10?
2
Convert 0 (base 16) to base 11.
0
-32 (base 13) to base 2
-101001
What is -12 (base 10) in base 8?
-14
Convert 100110 (base 2) to base 10.
38
Convert -133 (base 4) to base 5.
-111
5 (base 13) to base 12
5
Convert 1 (base 3) to base 4.
1
Convert 218 (base 9) to base 2.
10110011
-42 (base 10) to base 8
-52
Convert 311 (base 5) to base 8.
121
Convert -175 (base 11) to base 16.
-cb
What is -22 (base 9) in base 7?
-26
What is -160 (base 7) in base 15?
-61
-32 (base 9) to base 4
-131
-183 (base 16) to base 10
-387
What is -3 (base 14) in base 13?
-3
131 (base 5) to base 14
2d
Convert -23 (base 10) to base 13.
-1a
What is -75 (base 8) in base 2?
-111101
Convert -10 (base 2) to base 5.
-2
What is 3 (base 6) in base 11?
3
What is -6 (base 8) in base 9?
-6
Convert 1011011 (base 2) to base 5.
331
What is 20001 (base 3) in base 13?
c7
Convert 239 (base 10) to base 14.
131
Convert 44 (base 7) to base 11.
2a
2 (base 15) to base 4
2
What is 2 (base 15) in base 14?
2
What is -1 (base 3) in base 12?
-1
Convert -30 (base 6) to base 15.
-13
Convert 1 (base 2) to base 10.
1
Convert 1 (base 14) to base 8.
1
What is -4 (base 13) in base 3?
-11
Convert -2 (base 9) to base 13.
-2
What is -1 (base 6) in base 12?
-1
Convert 0 (base 4) to base 5.
0
What is -140 (base 5) in base 2?
-101101
9 (base 13) to base 7
12
What is -24 (base 12) in base 3?
-1001
What is 1011 (base 2) in base 12?
b
What is -4 (base 7) in base 9?
-4
What is 24 (base 6) in base 7?
22
Convert 33 (base 10) to base 8.
41
Convert 236 (base 10) to base 8.
354
What is -8 (base 12) in base 2?
-1000
What is 1 (base 6) in base 15?
1
0 (base 9) to base 11
0
What is -1 (base 6) in base 11?
-1
1111 (base 2) to base 6
23
What is -21 (base 3) in base 4?
-13
What is -36 (base 9) in base 11?
-30
What is -100 (base 2) in base 11?
-4
4 (base 16) to base 10
4
What is 55 (base 9) in base 3?
1212
What is 1 (base 16) in base 6?
1
4 (base 7) to base 15
4
Convert c (base 13) to base 12.
10
Convert 22 (base 7) to base 11.
15
What is -202 (base 6) in base 8?
-112
Convert -3 (base 5) to base 3.
-10
Convert -1003 (base 4) to base 7.
-124
Convert -1 (base 9) to base 3.
